) - 11*z(x). Let c(h) = 2*h + 4. Let w be c(-4). Give y(w).
-5
Let c(q) = -2*q**3 - 7*q**2 - 7*q + 5. Let s(o) = -5*o**3 - 15*o**2 - 15*o + 11. Suppose -47 = -4*h + 5. Let t(f) = h*c(f) - 6*s(f). Determine t(-1).
-5
Suppose -2*g = -5*w + 35, -4*g - 12 - 13 = -w. Let f(l) be the third derivative of -1/8*l**4 - 1/20*l**w - 2*l**2 + 0 + 0*l**3 + 0*l + 1/120*l**6. Give f(4).
4
Suppose -2*x - 8 + 0 = 0. Let o(u) be the third derivative of u**6/120 + u**5/12 + u**4/8 - 2*u**3/3 - u**2. Calculate o(x).
0
Let w(u) = 2*u**2 - 5*u + 3. Let s = 4 + -2. Suppose -s*a - 2 = -3*a. Suppose 0 = -q + a + 1. Give w(q).
6
Let n(t) = -4*t + 10*t + 0*t. Let g(u) = -u + 1. Let q(a) = -a. Let r(p) = -g(p) - 4*q(p). Let c(d) = 2*n(d) - 3*r(d). Calculate c(3).
-6
Let o(k) = -11*k - 7. Let m(l) = -4*l - 4*l + 3*l + 1 - 5. Let s(w) = -5*m(w) + 3*o(w). Let d be (0 - -1)/(2/(-2)). Determine s(d).
7
Let d(h) = h - 3. Suppose -4*q + 35 = 3*a - 0*a, -2*a + 4*q = 10. Let n be d(a). Let k(p) = -p**3 + 2*p - 3. Determine k(n).
-7
Let w(x) be the first derivative of x**2/2 - 2*x - 8. Give w(0).
-2
Suppose -2*v - 12 = -5*v. Let h(s) = -3*s + 27. Let q(a) = a - 11. Let d(x) = 5*h(x) + 12*q(x). Calculate d(v).
-9
Let i(s) = -5 - 2*s**3 + 3*s**2 + 3*s**3 + s**2. Calculate i(-4).
-5
Suppose -15 = -5*q + 5*k, k + 19 = 8*q - 3*q. Let p(w) be the second derivative of -w**3/3 - 14*w. What is p(q)?
-8
Let k be 8*(3 + (-9)/4). Let i(a) = -a**2 + 5*a + 3. Let h(y) = 2*y**2 - 9*y - 6. Let c(n) = k*h(n) + 11*i(n). Give c(0).
-3
Let s(b) = 28*b**2 - 59*b**2 + 32*b**2 - 4 + 2*b. Give s(-4).
4
Let n = 8 + -3. Let i(k) = -k**2 + 642*k - 4 - 636*k - 2*k**2 + 2*k**2. What is i(n)?
1
Let d(w) = -6 + 4 + w - 3. Determine d(0).
-5
Let k(g) = -1 + 21*g - 16*g + 2. Suppose 2*t + 2*t - 4 = 0. Give k(t).
6
Let f(n) = n**2 - 5*n**2 + 7*n**3 - n + 3*n**2 + 2*n**2. Suppose 0*y + y = 20. Suppose 0 = 3*r + 5*i + 22, 5*r = i + 2*i + y. Calculate f(r).
7
Let j = 87 + -60. Let a = j + -27. Let l(p) = 5*p**3 - 6*p**2 + 7*p + 1. Let m(t) = 6*t**3 - 7*t**2 + 8*t. Let u(r) = 7*l(r) - 6*m(r). Give u(a).
7
Let g(w) = -w**2 - 28. Let h(f) = -3*f - 60. Let s be h(-20). Calculate g(s).
-28
Let v(b) = -5*b - 2 - 2*b**2 + b**2 + 6 - 1. Calculate v(-5).
3
Let l(x) be the first derivative of x**3/3 + 7*x**2/2 + 4*x + 11. Determine l(-5).
-6
Suppose -2*k + 8 = 2*w - 6, 0 = 3*w + 5*k - 31. Let g(m) = 3*m**w + m + m**3 - 4*m**2 - 1 + m**2. What is g(1)?
1
Let z(t) = -4*t + 5 - 21 + 0*t + 21. Give z(4).
-11
Suppose -9 = -4*i - p + 1, -4*i = -2*p - 16. Let t(w) = 2*w**3 - 5*w**2 + 4*w. Give t(i).
21
Let z(g) = -g**2 - 2*g - 14. Let q(b) = -2*b**2 - 3*b - 28. Let y(x) = 3*q(x) - 5*z(x). Calculate y(0).
-14
Let q(f) be the second derivative of -f**5/20 + 7*f**4/12 - f**3/2 + f**2 - 39*f. Give q(7).
-19
Let m(c) be the first derivative of -2 + 2/3*c**3 - 1/4*c**4 + c**2 - 2*c. Give m(3).
-5
Let g = 8 + -7. Suppose -g = -5*q - 6. Let h(p) = 3*p**2 + 1. What is h(q)?
4
Let c(y) be the first derivative of 1/120*y**6 - y**3 + 0*y + 1/15*y**5 - 1/8*y**4 - 2 - 1/2*y**2. Let x(j) be the second derivative of c(j). Determine x(-4).
6
Let o(b) be the first derivative of -b**4/4 + b**3/3 + b**2 - b + 3. Determine o(-2).
7
Let o(r) = -r - 2. Let b(i) = 2*i**2 - 4*i + 3. Let d be b(2). Suppose 0*a - d*a = -5*n + 8, -2*n = -2*a. Suppose -a*u - 15 = -u. Give o(u).
3
Let q(i) be the third derivative of i**5/60 - i**4/24 + i**3/3 - 3*i**2. Suppose 12 - 4 = d. Let y = d - 5. What is q(y)?
8
Suppose 7*y = 2*y + 5. Let g(i) be the second derivative of 0*i**4 + 3*i + 0 + 0*i**2 + 3/20*i**5 + 0*i**3. Determine g(y).
3
Let r(l) be the first derivative of l**4/4 + l**3/3 + l**2 + 3*l - 1. Suppose 11*u + 2 = 10*u. Determine r(u).
-5
Let j(x) = 8*x - 1. Suppose 3*r = 2*r. Let f = 1 - r. Determine j(f).
7
Let c(o) be the third derivative of 0 - 7/24*o**4 + 0*o + 2*o**2 + 1/6*o**3. Give c(1).
-6
Let s(k) = -k + 3. Let r(y) be the first derivative of y**2 - 5*y - 1. Let p(g) = 3*r(g) + 5*s(g). Calculate p(-4).
-4
Let h(v) be the second derivative of -v**3/3 - v**2/2 - 19*v. Determine h(-4).
7
Let g(q) = -7*q**3 + 10*q**3 + 1 - q**2 - q - 1. Calculate g(-1).
-3
Let m(q) = -q**3 - 6*q**2 - q - 6. Let x be m(-6). Let j(t) = -t + 5. Calculate j(x).
5
Let m(a) = 5*a - 2. Suppose -4*g = -74 + 62. Determine m(g).
13
Let w(p) = -p**3 - 2*p**2 - 4*p - 3. Let m(s) = -2*s - 46. Let u be m(-22). Determine w(u).
5
Let g(l) = l - 2. Suppose o = -4*o + 85. Suppose -3*c - 3*b + o = -5*b, b + 21 = 4*c. Determine g(c).
3
Let d(p) = p + 1. Let f(s) = -14*s - 5. Let l(j) = 4*d(j) + f(j). What is l(-2)?
19
Let c(d) = d + 4. Suppose -9 = -6*u + 4*u + 5*j, 3*j = -3*u + 3. Let w(q) = -q**2 - 7*q - 4. Let m be w(-5). Suppose u*p - 12 = m*p. Determine c(p).
1
Let k be 4 + 1 + -1 - 2. Let n be ((-10)/(-15))/(k/(-39)). Let z = 8 + n. Let o(m) = m**2 + 4*m - 7. Give o(z).
-2
Let d(x) = 2*x - 7. Let y(b) = -1. Let n(o) = -d(o) + 5*y(o). Calculate n(3).
-4
Suppose -k = -4*k - 5*c + 36, 3*k = -c + 24. Let r(w) = -2*w + 4. Calculate r(k).
-10
Suppose -3*t + 4*o - 26 = 0, 29 = -3*t + t + 5*o. Let p be (14/6 + t)*9. Let b(r) = r. Let u(y) = 3*y + 7. Let v(j) = -4*b(j) + u(j). Determine v(p).
4
Let p(q) = q**2 - 3*q + 1. Suppose 3*y - 8*y + 10 = -3*h, -4 = -2*y + 5*h. Calculate p(y).
-1
Let d(u) = -u**2 - 6*u + 12. Let h be d(-8). Let p(s) = -s**3 - 6*s**2 - 4*s + 2. Calculate p(h).
-14
Let h(b) = -b**2 + 2*b - 1. Let n be h(0). Let x(f) = -21*f**2 + f + 1. Give x(n).
-21
Let z(q) be the second derivative of q**3/6 - 5*q**2/2 - 2*q. Let u be z(0). Let p be u/(-2) + (-1)/2. Let d(h) = -2*h + 2. Calculate d(p).
-2
Let p = 7 - -3. Let u = 7 - p. Let s(q) = -2*q**2 - 4*q - 3. Give s(u).
-9
Let f(w) = 3*w**3 - 2*w**2 - 4*w + 3. Let i(s) = -4*s**3 + s**2 + 4*s - 4. Let o(d) = -5*f(d) - 4*i(d). Determine o(-5).
6
Let k(g) = g**2 - 5*g - 6. Let s(c) = c**2 - c + 1. Let z be s(0). Let p be 5/(z*(4 + -3)). Determine k(p).
-6
Let o(y) = -1 + 7 + y**2 + 10*y - 5*y. What is o(-5)?
6
Let m(c) = c + 12. Suppose 6*v - z + 57 = v, 66 = -5*v - 2*z. Let q be m(v). Let f(l) = l**3 + l**2 - 6. Give f(q).
-6
Let x(u) = 3*u**2 + 5 - 2*u + 8*u**2 - 6 + 4*u**2. Give x(-1).
16
Let p(n) = 5*n**2 + n. Let g(d) = -14*d**2 - 3*d. Let w(h) = -4*g(h) - 11*p(h). Suppose -2*u = -0*u - 4. Calculate w(u).
6
Let v(s) = s + 8. Let r be v(-6). Let q(d) be the first derivative of 2 - 2*d**r + d + 3*d**2 + d**2. What is q(-2)?
-7
Let b(w) = w**3 + w**2 + w + 3. Let h(l) = -4*l**3 - 2*l**2 - 2*l - 10. Let d(a) = -7*b(a) - 2*h(a). Give d(4).
3
Suppose 0 = 4*n - g + 132, -3*n - 2*g = 26 + 62. Let b be (-23)/(-4) + (-8)/n. Let x(r) = -r**2 + 8*r. Give x(b).
12
Let y(g) be the third derivative of -g**5/60 - g**4/6 + 4*g**2. Let m = -1 - 3. Determine y(m).
0
Let p(c) be the first derivative of 0*c**3 - 3 + 1/2*c**2 + 1/4*c**4 + 8*c. Calculate p(0).
8
Let l(v) = -v**2 + 7*v + 5. Let u be l(7). Suppose f + u = 2*b, b + 8 = -0*f - 3*f. Let o(h) = -h**3 - 3*h**2 + h + 3. Determine o(f).
0
Let k(d) = -2*d + 4. Let j(q) = -2*q + 4. Let f = 7 + -1. Let a(s) = f*j(s) - 5*k(s). Determine a(5).
-6
Suppose 3*y - 4 = 2*y. Suppose 0*j = -2*a + 5*j + 5, -y*j + 9 = a. Let f(i) = -i**3 + 6*i**2 - 7*i + 6. Give f(a).
-4
Let j(w) be the third derivative of -w**4/3 + w**3/3 + 23*w**2. Give j(2).
-14
Let j(b) = 3 + 2*b - 1 + 4 - 2. Determine j(-6).
-8
Let i(o) = -o + 6 - 2 - 4*o. Give i(3).
-11
Let w(p) = -p**2 - 9*p - 5. Let a = -8 - -3. Calculate w(a).
15
Let r(a) = a**2 + 15. Let k(s) = 6*s - 5. Let v(q) = -7*q + 6. Let d(y) = 6*k(y) + 5*v(y). Let i be d(0). What is r(i)?
15
Let v(u) = u**3 - 4*u**2 - 5*u - 7. Let t = -3 + 8. Calculate v(t).
-7
Let a(s) be the first derivative of s**3/3 + 3*s**2/2 + 4*s - 3. Give a(-3).
4
Let r(a) = a**3 - 1 + 1 + 6. Suppose 4*z - 5*v = z + 25, -z = 2*v + 10. Determine r(z).
6
Let u(k) = -7*k**3 - 13*k**2 + 5*k - 1. Let i(z) = -4*z**3 - 7*z**2 + 3*z. Let a(g) = 5*i(g) - 3*u(g). Give a(-4).
3
Let k(l) = l - 7. Suppose 3*o - 9 - 12 = 0. Calculate k(o).
0
Let x = -4 + 14. Let q = x - 7. Let j(k) = -1 + 2*k**3 + 4*k - 4*k**2 - 4 - q*k**3 + k**2. Give j(-4).
-5
Let r(u) be the second derivative of u**4/6 + 7*u**3/6 + 3*u**2 - u. Let q = -43 - -39. Give r(q).
10
Suppose -40 = 6*w + 2*w. Let x(u) = u - 3. What is x(w)?
-8
Let g b